List the prime factors of w.
5
Let r = -12 + 6. Let l be (-26)/r + (-3)/9. Suppose 9*z - 40 = l*z. List the prime factors of z.
2
Let l(w) be the first derivative of w**3/3 - 3*w**2/2 - 3*w - 1. Let o be l(4). What are the prime factors of (2 - 3) + 9/o?
2
Let j = 6 + -4. Let w(l) = 6*l + 9*l**2 + l**3 - 2*l + j + 0*l - 2*l**2. What are the prime factors of w(-6)?
2, 7
Let w be (-5 - -1)*4/(-4). Suppose -16 = -4*y + 4*d - 2*d, -d = y - w. Suppose 2*g - 2*a + y*a = 24, 4*g - 12 = 5*a. What are the prime factors of g?
2
Suppose -9 = 3*w, b + 5*w = 2*b - 17. List the prime factors of b.
2
Let r(w) = -w**2 + 2*w. Let k be r(3). Let i(g) be the third derivative of g**5/20 + g**4/8 - 2*g**3/3 - 16*g**2. What are the prime factors of i(k)?
2, 7
Let h(z) be the third derivative of -z**5/60 + z**4/8 + 2*z**3/3 + z**2. Let s(x) = x**2 - 2*x - 2. Let a(f) = 3*h(f) + 5*s(f). List the prime factors of a(2).
2
Let z(f) = 14*f - 17. List the prime factors of z(3).
5
Let r = -14 - -13. Let d = r + 7. List the prime factors of d.
2, 3
Let g = -11 - -8. Let b be (-25)/(g/(-9) - 0). What are the prime factors of b/(-7) - 4/(-14)?
11
Suppose 0 = -3*l, 3 - 13 = -5*d - 4*l. Let n be (-150)/(-35) - (-2)/(-7). Suppose -3*g = n*i - 30, -i + 0*g + 5 = d*g. What are the prime factors of i?
3
Suppose 10 = -2*a + 7*a - 4*i, -3*a = 5*i - 43. What are the prime factors of a?
2, 3
Suppose -4*k + 5*p = -129, k = -0*k + 3*p + 27. What are the prime factors of k?
2, 3
Let z be 1298/9 - 6/27. Suppose -x = 2*x + z. Let o = -32 - x. List the prime factors of o.
2
Let x be (-8)/(-20) - 17/5. Let a be (-3)/9 - (-14)/6. Let y = a - x. What are the prime factors of y?
5
Let y = 8 + -5. Suppose -y*h = 5*c + 2, c + h = -0*c - 2. Suppose -8 = -4*u + c*u. List the prime factors of u.
2
Let s be (1/4)/((-10)/(-40)). Suppose -s = -4*w - 3*l, 0 = -3*w - l - 0*l + 7. List the prime factors of w.
2
List the prime factors of 3*-9*20/(-6).
2, 3, 5
Suppose -2*p + 3*f + 109 = -104, -5 = 5*f. List the prime factors of p.
3, 5, 7
Let c = -28 + 71. List the prime factors of c.
43
Suppose 8*b = 3*b + 120. List the prime factors of b.
2, 3
Let v(k) = -k**3 + 3*k**2 + 3*k - 4. Let p be v(3). Suppose -p*m = 4*r - 26, 0*r - 4*r = -3*m - 10. What are the prime factors of m?
2
Let c = -4 - -4. Suppose -3*w = w - 3*f + 3, -5*f + 25 = c. Suppose -l = -1 - w. What are the prime factors of l?
2
What are the prime factors of ((-39)/6 - -4)*-12?
2, 3, 5
Let q be (4 + (-15)/6)*4. Suppose q*y - y - 130 = 0. What are the prime factors of y?
2, 13
Suppose 5*r = 4*o - 16, 0 = -6*o + 3*o + 3*r + 15. Suppose -4*w + 3 = -2*a - o, -2*a - 2 = -2*w. What are the prime factors of w?
5
Suppose 36 = c + 1. What are the prime factors of c?
5, 7
What are the prime factors of -60*(2/3)/(1/(-4))?
2, 5
Suppose -1 = -y, 45 = 2*k - 2*y - 35. What are the prime factors of k?
41
Suppose -3*m + 618 = 5*l, 0 = -2*m - l - 0*l + 419. What are the prime factors of m?
211
Let g(n) = n**3 - 4*n**2 - 5*n + 1. Let d be g(5). Suppose 5 = -4*b + d. Let a = b - -16. List the prime factors of a.
3, 5
List the prime factors of ((-8)/6)/(7/(7*-111)).
2, 37
Suppose -4*r + 2*g = -47 - 337, 3*g + 6 = 0. What are the prime factors of r?
5, 19
Let v = -104 + 320. List the prime factors of v.
2, 3
Suppose -60 = -3*a + a. Suppose 109 = -4*x + 5*m, 5*x + 80 + 50 = 5*m. Let c = a + x. What are the prime factors of c?
3
Let z(j) = -j**3 - 5*j**2 + 2. Let y be z(-5). Suppose -y*a + 6 = a. Suppose 5 = a*i - 1. List the prime factors of i.
3
Suppose 0 = -4*s + 43 + 13. What are the prime factors of 4/s - (-54)/7?
2
Suppose -33 = t + u, 3*u - 16 = t + 25. Let a = 145 + t. Suppose -3*c + 6*c = 4*p - 88, 0 = 5*p + 2*c - a. What are the prime factors of p?
2, 11
Let y(t) = -t**3 - 3*t**2 + 3. Let c be y(-3). Let w = 1 + c. What are the prime factors of w?
2
Suppose -2*y = 5*a - y - 84, 3*a - 52 = -y. What are the prime factors of (-4 + 5)/(2/a)?
2
Suppose -2*z + 60 = -2*y, 2*z - 4*z = 5*y - 32. List the prime factors of z.
2, 13
Let b(c) = c**3 + 5*c**2 - 5*c + 6. Let h be b(-6). Let y be -1 - 2/2*-3. Let v = y - h. What are the prime factors of v?
2
Let v be (5/(-10))/(1/(-4)). Suppose 4*x + 1 = p + 3, v = -3*x - p. Let m = x - -2. List the prime factors of m.
2
Suppose 3*l = 3*d - 843, -4*l + 0*d = -d + 1109. What are the prime factors of l/8*(-4)/6?
23
Let j(y) = 2*y**2 + 24*y + 55. What are the prime factors of j(-15)?
5, 29
Let p be 0 + (-2 - (2 - 6)). Let n be 27/(-63) + 48/14. Suppose -w - p*s - 2*s = -20, -s = -n. List the prime factors of w.
2
Let a be ((-792)/154)/(2/14). What are the prime factors of (-54)/a*(-188)/(-6)?
47
Let a(d) be the second derivative of d**4/12 + d**3/6 + 6*d**2 + d. List the prime factors of a(0).
2, 3
Let v(n) = 3*n**2 - 4*n - 8. Let y be v(6). Suppose a + 3*p = 40, 4*a + 2*p = 44 + y. List the prime factors of a.
2, 7
Let t(s) = -6*s + 5. Let o be (-4)/(-10) + 220/(-50). List the prime factors of t(o).
29
Suppose -2*p - 2*x - x + 9 = 0, 4*x + 8 = 4*p. Suppose -i - 4*i = n - 46, 2*n = -p*i + 22. List the prime factors of ((-4)/i)/(3/(-15)).
2
Let k(g) = -g**2 + 4*g - 1. Let r be k(2). Suppose 0 = r*j + 15 - 81. List the prime factors of j/(-8)*(-12)/3.
11
Suppose 0 = v - 21 + 2. What are the prime factors of v?
19
Suppose 0 = 3*g + 4*b - 29, -4*g + 17 = 2*b - b. Suppose c + 8 = g. List the prime factors of c*(2 - 1)*-1.
5
Suppose 2*s - 4*s - 78 = 0. Let b = s + 65. What are the prime factors of b?
2, 13
Suppose -5*t + 54 = -576. What are the prime factors of t?
2, 3, 7
Suppose -v = -4*z - 26 - 41, 3*z + 267 = 5*v. What are the prime factors of v?
3, 17
Let k = 9 - -5. Let w = k + 5. What are the prime factors of w?
19
Suppose 2*o - q - 39 = 0, 5*o = 2*q - q + 96. List the prime factors of o.
19
Suppose -7*f + 3*f + 220 = 0. List the prime factors of f.
5, 11
Let w(h) = -h**3 - 9*h**2 + h + 9. Let d be w(-9). Suppose -4*p + 0*p + 20 = d. What are the prime factors of p?
5
Let x = 3 - 5. Let q(j) = 4*j**2 + j - 1. What are the prime factors of q(x)?
13
Suppose -4*a = 5*v - 6 + 15, a - 1 = 2*v. Let t be a + (6 - 1) - -2. Let k = t + -2. What are the prime factors of k?
2
Let c = -4 + 3. Let o(n) = 15*n**3. Let w be o(c). What are the prime factors of (20/w)/((-2)/21)?
2, 7
Let z(g) = 3*g**2 + g - 18. Let q be z(-8). Suppose q + 34 = 5*w. What are the prime factors of w?
2, 5
Let a(k) = k + 3. List the prime factors of a(2).
5
Let p = -1 - 2. List the prime factors of p*(-1 - (-12)/(-9)).
7
Let h(t) = 12 + 13*t**2 + 18 + 2*t + 2*t**3 - 25 - 3*t. What are the prime factors of h(-6)?
47
Suppose o - 111 = -0*v + 3*v, -472 = -4*o - 2*v. What are the prime factors of o?
3, 13
Suppose -4*r = -17 - 43. List the prime factors of (-16)/10*r/(-6).
2
Suppose 0 = -0*w + 5*w. Suppose -2*y + 3*y + 1 = w. What are the prime factors of (-2)/y*(-3)/(-1)?
2, 3
Let b(i) = -i**2. Let h be b(-1). List the prime factors of (28/6)/(h/(-3)).
2, 7
Let q = 64 + -42. What are the prime factors of (0 - -42)*q/33?
2, 7
What are the prime factors of (-186)/(-4) - (-2)/(-8)*2?
2, 23
Suppose -465 = -5*v + 2*v. Suppose -x = -6*x + v. What are the prime factors of x?
31
Let u(y) = 6*y. Let f be u(1). Let b be f/4 - 21/2. What are the prime factors of (-2)/(-9) - 34/b?
2
Let c(a) = a**2 + 11*a - 17. What are the prime factors of c(-13)?
3
Suppose f = -3*f + 148. List the prime factors of f.
37
Let l(m) = m**3 + 5*m**2 - 6*m + 8. Let w = 3 + -3. Let c = w + -6. List the prime factors of l(c).
2
Suppose 7*f + 8 = 5*f. Let s = f + 8. List the prime factors of (-1)/s - 74/(-8).
3
List the prime factors of (-21 + 19)*(-17)/1.
2, 17
Let b(a) = -2*a**3 - a**2 + 2*a - 3. Let o be b(-4). Let m = 157 - o. What are the prime factors of m?
2, 7
Let y be 0/(3 - (0 - 0)). Suppose 2*m - 7*m + 205 = y. List the prime factors of m.
41
Let r = -37 - -57. Suppose 2*w - r = -0*w. List the prime factors of w.
2, 5
Suppose -2*r = -3*z - 5*r - 39, 5*z - r = -41. Let o(h) = h**2 + 9*h + 6. Let a be o(z). List the prime factors of (-3)/(-2)*28/a.
7
Let g = 424 - 291. List the prime factors of g.
7, 19
Let n(k) = 3*k**2 + 2*k + 7. Let o(d) = -d**2 + 9*d + 3. Let h be o(9). Let a(x) = 4*x**2 + x + 7. Let y(m) = h*n(m) - 2*a(m). List the prime factors of y(-5).
2, 3
Let t(y) = -y**3 + 14*y**